-25 + 68. Calculate the remainder when h is divided by 9.
7
Suppose -6*r = -115 + 43. Calculate the remainder when 59 is divided by r.
11
Let h = 152 - 121. Calculate the remainder when 56 is divided by h.
25
Let g(i) be the third derivative of -7/6*i**3 + 1/6*i**4 + 1/60*i**5 + 3*i**2 + 0 + 0*i. Calculate the remainder when 14 is divided by g(-6).
4
Let y = 16 + 15. Suppose -2*f = -3 - y. What is the remainder when f is divided by 5?
2
Calculate the remainder when 15 is divided by 6*4/3 + -4.
3
Calculate the remainder when ((-312)/42)/((-6)/21) is divided by 95/15 + (-2)/(-3).
5
Let i = 1 - -3. Calculate the remainder when 2 is divided by 2/i*(0 + 2).
0
Let n(h) = -h - 3. Let r be n(-5). Let m be 1*(r + 43)/3. Calculate the remainder when 25 is divided by (-5)/m*(0 - 27).
7
What is the remainder when 129/(0 - (1 + -2)) is divided by 13?
12
Let v = -23 - -32. Let j(b) = 4*b**2. Let c be j(-4). Suppose 4*s + 0*s = c. Calculate the remainder when s is divided by v.
7
What is the remainder when 123 is divided by 246/8 + 2/8?
30
Suppose -24 = -i - i - b, -2*i + 12 = 4*b. Let g = 26 - i. Calculate the remainder when 22 is divided by g.
10
Let l = -3 + 5. Suppose y + 4 = -3*m, l*y - 3*m - 7 = 3. Suppose 2*g - y = x, 5*x + 4*g - 4 = 42. What is the remainder when 16 is divided by x?
4
Let j = -2 - -3. Suppose j = z - 20. What is the remainder when z is divided by 12?
9
Let u = 34 - 15. What is the remainder when u is divided by 4?
3
Suppose -2*c + 74 = -30. Suppose -c = -2*a - 2*a. What is the remainder when 25 is divided by a?
12
What is the remainder when 5/(-15) + 115/3 is divided by 13?
12
Let n = -3 - -5. Let t(w) = -w - 4. Let z(l) = -l**3 + 7*l**2 - 2*l + 8. Let y be z(7). What is the remainder when n is divided by t(y)?
0
Suppose -5*z = 3*c - 13 - 20, z = 5*c + 1. Let i = z - 4. Suppose -x = i*x - 3. Calculate the remainder when 3 is divided by x.
0
Let f = 11 + -3. What is the remainder when f is divided by 5?
3
Let p = -3 + 1. Calculate the remainder when 35 is divided by (p + 3)/(-1) - -10.
8
Let w = 2 + 23. Suppose 3*f = 2*f + w. Let b = 21 - 8. What is the remainder when f is divided by b?
12
Let i = 71 - 35. Suppose h - i = -5*q, -5*q + 4*q + 3*h = -4. Let r(w) = -2*w - 3. What is the remainder when q is divided by r(-3)?
1
Calculate the remainder when 33 is divided by (4/8)/((-3)/(-102)).
16
Calculate the remainder when -1 - -100 - (9 + -10) is divided by 26.
22
Suppose -3*u - 15 + 5 = n, 5*n = -u + 20. Calculate the remainder when n is divided by ((-105)/10 + 8)*(-4)/5.
1
Let y(c) = 8*c. Let j be y(-1). Let u be (-4 - j) + -1 + -1. Suppose -w - 62 = -5*w - u*s, 73 = 5*w - 2*s. Calculate the remainder when w is divided by 8.
7
Let h be 5 - 3*(-2)/(-6). Suppose -2*v - 4 = -3*v - 5*n, h*v - 3*n = 16. Let b = v + 27. What is the remainder when b is divided by 11?
9
Suppose 4*u = -0*u + 36. Let z be 2/(-5) + (-64)/(-10). Suppose s = 4*c + 14, -c = -z*s + 2*s + 101. What is the remainder when s is divided by u?
8
Let l = -47 - -77. Let n(x) = -2*x - 2. Let b be n(-2). Suppose -3 + 35 = b*i. What is the remainder when l is divided by i?
14
Let n be (-4 + 4)/(-2 + 3). Suppose -2*c - 2*p - p - 9 = n, -4*p = c + 17. What is the remainder when (-3 - (-17 + c)) + -2 is divided by 4?
1
Suppose -50 = 6*d - 158. Calculate the remainder when 33 is divided by d.
15
Let c(p) = 0 - 16*p**3 + 2*p - p**2 - 4*p - 1. Let l be c(-1). Suppose 0*v - 4*q + 32 = 4*v, 2*v - l = -4*q. Calculate the remainder when 15 is divided by v.
7
Let f = -19 + 31. What is the remainder when f is divided by 8?
4
Let c(h) = h**3 - 8*h**2 + h. Let o(g) = -g**3 - g**2 + 6*g + 5. What is the remainder when o(-4) is divided by c(8)?
5
Suppose 3 = -r + 1. Let d be 3 - (r/(-2) + 0). Suppose 94 = 3*k - d. What is the remainder when k is divided by 11?
10
Let w(f) = -18*f - 73. Let i = 3 - 0. Suppose -2*d = i*t - 36, d - 18 = t - 5*t. Calculate the remainder when w(-6) is divided by d.
17
Suppose -2*c - 8 = -46. What is the remainder when 111 is divided by c?
16
Let k = 14 + 5. Calculate the remainder when 112 is divided by k.
17
Let p = 11 + -2. Let y = 17 - 22. Let z = y + 8. What is the remainder when p is divided by z?
0
Suppose 1400 - 3577 = -7*u. Calculate the remainder when u is divided by 13.
12
Let o(b) = -b - 12. Let l(u) = 6. Let s(t) = -5*l(t) - 3*o(t). What is the remainder when s(11) is divided by 10?
9
Let m(v) = v**3 - 7*v**2 - 2*v + 9. Let r be m(7). Let t(b) = -3*b + 1. Let f be t(r). Let u = f + -6. What is the remainder when u is divided by 6?
4
Let j(w) = w**2 + 10*w + 4. Let u be j(-8). What is the remainder when 17 is divided by (9/4)/((-3)/u)?
8
Suppose -2*z + 15 = z. Suppose k - z*k = -64. Let j(t) = -7*t + 5. Calculate the remainder when j(-6) is divided by k.
15
What is the remainder when 3/9 + (-250)/(-6) is divided by -5 + (3 - -14 - -3)?
12
What is the remainder when 39 is divided by (0 + 1)*168/8?
18
Suppose k + 4*k = 2*n + 21, 5*n = -5*k. Calculate the remainder when 50 is divided by (28/8 + k)*2.
11
Let y = 120 - 26. Calculate the remainder when y is divided by 19.
18
Suppose g - 6 = 3*v - 2*g, -2*g = -5*v + 2. Suppose v*d - 3*s - 18 = 0, 38 = 2*d - 2*s + 4*s. Calculate the remainder when 43 is divided by d.
13
Let q(y) = 4*y - 38. Suppose 2*a = 3*x - 3 - 19, a = 2*x - 16. What is the remainder when x is divided by q(11)?
4
Suppose 5*f + 2*a = 26, -1 - 4 = -2*f + a. Suppose 3*v + 4 + 32 = 0. What is the remainder when (-46)/(-8) - 3/v is divided by f?
2
Let j(x) = x + 2. Let g be j(-3). Let u(m) = 21*m**2 - m. Calculate the remainder when u(g) is divided by (-7 - -1)*(-2 - 0).
10
Suppose h - 22 = -5*x + x, 5*h - 2*x = 0. What is the remainder when 5 is divided by h?
1
Suppose 2*q + 46 = 170. Calculate the remainder when q is divided by 16.
14
Let a(k) = k**3 - 2*k**2 - 3*k + 9. Calculate the remainder when a(5) is divided by 18.
15
Let c = -17 + 46. What is the remainder when c is divided by 15?
14
Let c(q) = q**3 + 6*q**2 + q + 7. Suppose -3*g - 2 - 16 = 0. Let t be c(g). What is the remainder when 14 is divided by (-1)/(t/(-7)) + -2?
4
Let n = -4 - -4. Suppose 90 = 5*i - n*i. Let b(k) = -k**2 - 9*k + 2. Calculate the remainder when i is divided by b(-8).
8
Let l(w) = -4*w - 3. Let f be l(-3). Let c be (-60)/f + 2/(-6). Let k(b) = b**2 + 3*b - 10. What is the remainder when k(c) is divided by 10?
8
Suppose 5*g + 2*b = 6, -g - b + 4 = -2*b. Calculate the remainder when 4 + -2 - 2*-1 is divided by g.
0
Let k(y) = 4*y - 2*y - 5*y + 5*y. Let z = 6 + -4. Calculate the remainder when k(z) is divided by 3.
1
Let b(d) = d**2 + 2*d - 24. What is the remainder when 14 is divided by b(5)?
3
Let d = 34 - 19. What is the remainder when ((-84)/(-15))/(4/30) is divided by d?
12
Calculate the remainder when (1 + -9)*7/(-12)*12 is divided by 19.
18
Suppose -n - 1 = -6. Suppose -3*z + 12 = 0, 2*a + 4*z - 43 - n = 0. What is the remainder when 30 is divided by a?
14
Suppose 0 = 2*t - t - 62. Let p = -35 + t. Suppose -a + 20 = a. Calculate the remainder when p is divided by a.
7
Let j = 38 + -87. Suppose -7*q + 3 = -f - 2*q, 2*f - q + 24 = 0. Let z = f - j. Calculate the remainder when z is divided by 19.
17
Suppose 4*b - 18 = 6. Let y = 54 + 19. Suppose -3*v + 54 = 3*n, -2*n = 2*n + 5*v - y. Calculate the remainder when n is divided by b.
5
Suppose 2*z = 4*r + 92, 2*r + 184 = -0*z + 4*z. What is the remainder when 228 is divided by z?
44
Suppose -4*c + 93 = 25. Suppose 0 = -2*s + 41 + 93. Calculate the remainder when s is divided by c.
16
Let s(k) = k + 16. Calculate the remainder when s(-5) is divided by 7.
4
Suppose -3 + 13 = d. What is the remainder when d is divided by 4?
2
Suppose 0 = -4*p - 0*p + 12. Let u be p/2 - (-11)/(-2). Calculate the remainder when (u + -4)/(2/(-10)) is divided by 14.
12
Suppose 0 = n + n. Let d = 6 + n. What is the remainder when 11 is divided by d?
5
Suppose -2*w - 2*j + 4 = 0, 7*j - 3*j = w - 7. Suppose 17 = 4*g - w. What is the remainder when 11 is divided by (g - 1) + -3 + 3?
3
Calculate the remainder when 4/(-10) - (-11)/(385/1834) is divided by 22.
8
Let i = -4 + 14. Let a = 1 + i. Calculate the remainder when 33 - (2/(-2))/(-1) is divided by a.
10
Suppose -6 - 2 = -2*b. Suppose 61 = b*h - 5*d, 7 = 3*h - 2*h - 4*d. Calculate the 